nder when 301015243 is divided by 33?
1
Calculate the remainder when 274962 is divided by 1034.
952
What is the remainder when 5133042 is divided by 84148?
14
Calculate the remainder when 626264 is divided by 44732.
16
Calculate the remainder when 5183139 is divided by 2591567.
5
Calculate the remainder when 16710846 is divided by 153310.
56
Calculate the remainder when 10970196 is divided by 136.
28
What is the remainder when 292111 is divided by 13232?
1007
What is the remainder when 2333519 is divided by 2520?
2519
Calculate the remainder when 1562 is divided by 1494.
68
Calculate the remainder when 148959666 is divided by 3110.
3106
What is the remainder when 20360693 is divided by 158?
23
Calculate the remainder when 10378689 is divided by 359.
358
Calculate the remainder when 1710233 is divided by 385.
63
What is the remainder when 1395319 is divided by 697654?
11
What is the remainder when 80400123 is divided by 325?
323
Calculate the remainder when 393779 is divided by 1498.
1303
Calculate the remainder when 696189 is divided by 5082.
5037
Calculate the remainder when 727840 is divided by 51984.
64
What is the remainder when 7909888 is divided by 2636610?
58
What is the remainder when 1037325 is divided by 129602?
509
Calculate the remainder when 156624 is divided by 6640.
3904
What is the remainder when 55630 is divided by 2487?
916
Calculate the remainder when 786821 is divided by 67.
40
What is the remainder when 119680 is divided by 29569?
1404
Calculate the remainder when 17924423 is divided by 1003.
813
What is the remainder when 7606266 is divided by 1702?
28
Calculate the remainder when 114065609 is divided by 31.
24
Calculate the remainder when 269488 is divided by 89709.
361
What is the remainder when 122907596 is divided by 30726899?
0
Calculate the remainder when 25268215 is divided by 366206.
1
What is the remainder when 24022 is divided by 1409?
69
Calculate the remainder when 12377356 is divided by 497.
68
What is the remainder when 29988 is divided by 500?
488
Calculate the remainder when 354758 is divided by 20.
18
Calculate the remainder when 59245 is divided by 14567.
977
What is the remainder when 1641964 is divided by 9175?
8814
Calculate the remainder when 457286 is divided by 822.
254
What is the remainder when 5651955 is divided by 79605?
0
What is the remainder when 75913 is divided by 15162?
103
Calculate the remainder when 7554714 is divided by 863.
12
What is the remainder when 2272 is divided by 1062?
148
Calculate the remainder when 2723095872 is divided by 134.
132
What is the remainder when 79149 is divided by 152?
109
Calculate the remainder when 4811940 is divided by 3452.
3304
What is the remainder when 13318464 is divided by 101?
99
Calculate the remainder when 3638774 is divided by 15684.
86
Calculate the remainder when 76683993 is divided by 5.
3
What is the remainder when 9483784 is divided by 6010?
4
Calculate the remainder when 457425 is divided by 1535.
1530
What is the remainder when 5782062 is divided by 17?
5
What is the remainder when 1321639 is divided by 9647?
0
What is the remainder when 247637 is divided by 888?
773
What is the remainder when 1167987 is divided by 1625?
1237
Calculate the remainder when 12551276 is divided by 197.
12
What is the remainder when 388378 is divided by 77672?
18
Calculate the remainder when 4377014 is divided by 1458973.
95
What is the remainder when 141830985 is divided by 52?
49
What is the remainder when 1187769 is divided by 389?
152
Calculate the remainder when 50427 is divided by 446.
29
What is the remainder when 3243915 is divided by 82?
77
What is the remainder when 3312728 is divided by 41?
10
Calculate the remainder when 1005382 is divided by 473.
257
What is the remainder when 178762 is divided by 4046?
738
Calculate the remainder when 10834502 is divided by 541724.
22
Calculate the remainder when 1813446 is divided by 95444.
10
Calculate the remainder when 4361073 is divided by 2116.
2113
Calculate the remainder when 3802733 is divided by 13.
12
Calculate the remainder when 29238 is divided by 1795.
518
Calculate the remainder when 137361869 is divided by 4771.
8
What is the remainder when 12686 is divided by 986?
854
Calculate the remainder when 909731 is divided by 53513.
10
Calculate the remainder when 8551356 is divided by 2850445.
21
Calculate the remainder when 3386043 is divided by 1089.
342
What is the remainder when 1677211 is divided by 103?
62
What is the remainder when 65836730 is divided by 1111?
1092
Calculate the remainder when 640431 is divided by 4542.
9
What is the remainder when 4272 is divided by 226?
204
What is the remainder when 127842 is divided by 18250?
92
Calculate the remainder when 67400 is divided by 1776.
1688
Calculate the remainder when 45847 is divided by 44592.
1255
What is the remainder when 699170 is divided by 116480?
290
What is the remainder when 320814 is divided by 40096?
46
What is the remainder when 1245493 is divided by 52?
41
What is the remainder when 63175 is divided by 20866?
577
What is the remainder when 1056491979 is divided by 234?
231
What is the remainder when 1337599 is divided by 98?
95
Calculate the remainder when 386323 is divided by 681.
196
What is the remainder when 3611561 is divided by 749?
632
Calculate the remainder when 17946500 is divided by 5020.
0
What is the remainder when 54368422 is divided by 6040934?
16
Calculate the remainder when 5677395 is divided by 1419306.
171
What is the remainder when 11936197 is divided by 1142?
13
What is the remainder when 257857 is divided by 249824?
8033
Calculate the remainder when 311864187 is divided by 2915.
2912
Calculate the remainder when 54701 is divided by 448.
45
What is the remainder when 107044 is divided by 35655?
79
What is the remainder when 62600 is divided by 6913?
383
What is the remainder when 8596789 is divided by 105?
19
Calculate the remainder when 96404 is divided by 1823.
1608
What is the remainder when 50326 is divided by 737?
210
What is the remainder when 52132681 is divided by 6?
1
Calculate the remainder when 8864 is divided by 2917.
113
Calculate the remainder when 79864 is divided by 79648.
216
What is the remainder when 36484574 is divided by 16?
14
What is the remainder when 184646 is divided by 1238?
184
What is the remainder when 2316149 is divided by 10341?
10106
Calculate the remainder when 1631080 is divided by 326212.
20
What is the remainder when 29281 is divided by 619?
188
What is the remainder when 23515630 is divided by 566?
28
Calculate the remainder when 1837552 is divided by 32813.
24
What is the remainder when 287499428 is divided by 3288?
3284
What is the remainder when 157020699 is divided by 427?
416
Calculate the remainder when 362071 is divided by 361962.
109
Calculate the remainder when 1644953 is divided by 10.
3
Calculate the remainder when 2556672 is divided by 32362.
74
What is the remainder when 19629 is divided by 1727?
632
Calculate the remainder when 750399 is divided by 1320.
639
What is the remainder when 13770 is divided by 3297?
582
Calculate the remainder when 1134778 is divided by 659.
639
What is the remainder when 179228622 is divided by 8069?
8063
What is the remainder when 1788359 is divided by 987?
902
Calculate the remainder when 1242202 is divided by 206982.
310
What is the remainder when 20541778 is divided by 68?
66
Calculate the remainder when 4678846 is divided by 6.
4
Calculate the remainder when 1669278 is divided by 306.
48
What is the remainder when 121197 is divided by 1553?
63
What is the remainder when 425949 is divided by 1019?
7
What is the remainder when 139328 is divided by 23176?
272
What is the remainder when 5643923 is divided by 53?
6
Calculate the remainder when 1832603 is divided by 222.
215
Calculate the remainder when 44046 is divided by 366.
126
What is the remainder when 60281 is divided by 718?
687
What is the remainder when 288742 is divided by 36087?
46
What is the remainder when 5128534 is divided by 6618?
6202
What is the remainder when 1858024 is divided by 20409?
805
What is the remainder when 509144 is divided by 3067?
22
What is the remainder when 1548411 is divided by 64514?
75
What is the remainder when 23091072 is divided by 16